-10
Let a(b) = 2*b**2 - b + 3. Give a(1).
4
Let i(q) = -5*q**3 + q**2 - q - 2. Calculate i(2).
-40
Let j(i) = -i**3 - 7*i**2 + 8*i - 35. What is j(-9)?
55
Let i(g) = 2*g + 23. Determine i(-9).
5
Let l(q) = 3*q + 8. Calculate l(11).
41
Let g(j) = 4*j + 3. Calculate g(-3).
-9
Let f(p) = p**3 - 11*p**2 - 6. Give f(11).
-6
Let v(y) = 3*y + 24. Give v(-10).
-6
Let x(a) = -a**3 - 16*a**2 - 14*a + 16. What is x(-15)?
1
Let s(j) = j**2 - 6. Determine s(-3).
3
Let f(j) = -j + 30. Give f(14).
16
Let l(m) = 8*m + 28. What is l(-5)?
-12
Let c(d) = -2*d**3 - 106*d**2 - 105*d - 55. Give c(-52).
-3
Let g(q) = -2*q**2 - q + 5. What is g(2)?
-5
Let f(b) = -b**3 + 7*b**2 + 5*b + 11. Determine f(8).
-13
Let j(h) = -3*h**2 - 11*h + 1. Calculate j(-5).
-19
Let m(t) = -10*t - 221. Determine m(-23).
9
Let w(h) = -h**2 + 9*h + 1. What is w(9)?
1
Let t(r) = r**3 + 5*r**2 - 23*r + 10. Determine t(-8).
2
Let n(q) = -2*q**2 + 16*q + 19. Give n(9).
1
Let q(a) = -a**2 - 6*a + 17. Give q(-10).
-23
Let j(k) = 4*k**2 - 8*k - 7. Give j(3).
5
Let h(r) = -r**3 - 4*r**2 - r + 7. Calculate h(-3).
1
Let k(f) = -3*f + 2. What is k(5)?
-13
Let f(d) = d**2 + 13*d + 8. Calculate f(-9).
-28
Let z(s) = -s**3 + 9*s**2 - 21*s + 100. Determine z(8).
-4
Let j(o) = o**3 - 9*o**2 + 7*o + 2. Calculate j(8).
-6
Let l(b) = 6*b - 213. What is l(36)?
3
Let g(b) = -b**3 + 4*b**2 - 4*b - 3. Determine g(3).
-6
Let p(i) = -i + 21. Determine p(9).
12
Let z(t) = -t**3 - 5*t**2 - 3*t - 4. Determine z(-3).
-13
Let a(s) = 2*s**3 + 8*s**2 + 4*s + 3. Determine a(-5).
-67
Let r(h) = -13*h**2 + 4*h - 3. What is r(1)?
-12
Let t(k) = -10*k - 7. Calculate t(-5).
43
Let k(h) = -5*h + 15. Calculate k(19).
-80
Let y(v) = 4*v + 103. Calculate y(-27).
-5
Let v(o) = -7*o + 51. What is v(14)?
-47
Let s(k) = -72*k - 2. What is s(1)?
-74
Let c(f) = -f**3 - 5*f**2 + 49*f - 2. What is c(5)?
-7
Let g(u) = -3*u + 5. Give g(8).
-19
Let i(t) = 59*t**2 - t. What is i(1)?
58
Let q(y) = y**3 - 25*y**2 + 46*y - 32. Give q(23).
-32
Let z(x) = 2*x**3 + 2*x**2 + 3*x + 2. Determine z(-1).
-1
Let n(c) = c - 5. Calculate n(-3).
-8
Let o(u) = u**3 - 24*u**2 - 50*u - 63. Calculate o(26).
-11
Let h(u) = 22*u**2 - 5*u + 18. Give h(3).
201
Let l(o) = o + 11. Give l(-14).
-3
Let y(p) = -16*p**2 - 80*p + 4. Give y(-5).
4
Let t(k) = -k**2 + 3*k + 74. Calculate t(10).
4
Let h(r) = -5*r - 6. Calculate h(-2).
4
Let f(o) = -12*o**2 - 48*o - 7. Give f(-4).
-7
Let p(s) = -3*s**2 + 21*s - 15. Calculate p(6).
3
Let q(o) = -o**2 + 6*o + 3. What is q(5)?
8
Let o(q) = -q**3 - 2*q**2 + 3*q - 1. Give o(-5).
59
Let a(l) = -l**3 - 13*l**2 + 9*l + 19. What is a(-14)?
89
Let w(z) = z - 13. Give w(-4).
-17
Let v(u) = 2*u + 11. What is v(-11)?
-11
Let v(w) = -45*w**2 + 223*w + 10. Give v(5).
0
Let s(h) = -h**2 - 148*h - 436. Give s(-3).
-1
Let t(h) = h + 17. What is t(-5)?
12
Let o(v) = -v - 68. What is o(31)?
-99
Let o(b) = b**3 + 6*b**2 - 6*b. Give o(-7).
-7
Let y(c) = -c**2 - 2*c - 14. Calculate y(7).
-77
Let z(t) = t + 16. Calculate z(-7).
9
Let o(d) = d**2 - 13*d + 8. Determine o(9).
-28
Let n(k) = -4*k + 10. Give n(3).
-2
Let h(x) = -203*x + 807. What is h(4)?
-5
Let w(a) = -a**3 + 7*a**2 - 4*a + 3. Determine w(5).
33
Let y(r) = -r - 4. Give y(-10).
6
Let d(k) = k**2 - 10*k + 1. Determine d(9).
-8
Let j(o) = -4*o - 5. Determine j(-6).
19
Let n(h) = h**2 - 20*h + 72. Give n(14).
-12
Let y(b) = b**2 - 2. Give y(-5).
23
Let r(y) = 17*y - 240. Determine r(13).
-19
Let g(p) = -3*p + 2. Calculate g(-4).
14
Let r(j) = -6*j**3 + j**2 - 2*j. Determine r(1).
-7
Let z(g) = 15*g - 442. Determine z(30).
8
Let o(s) = s**3 - 10*s**2 + 10*s + 15. Determine o(9).
24
Let t(i) = -2*i**2 - 14*i + 331. Give t(-17).
-9
Let b(u) = -u - 11. Determine b(-9).
-2
Let f(q) = -q + 41. What is f(7)?
34
Let t(x) = -x**2 + 42. Determine t(-12).
-102
Let g(z) = z**3 + 5*z**2 + 6*z + 6. What is g(-4)?
-2
Let v(d) = -d**2 - d - 16. Give v(-9).
-88
Let g(z) = -5*z**2 + 2*z + 2. Give g(2).
-14
Let z(q) = q**3 - 4*q**2 + 5. Calculate z(4).
5
Let p(t) = -t**3 - t - 23. What is p(0)?
-23
Let m(o) = -3*o + 24. What is m(8)?
0
Let k(q) = -q**3 + q**2 + 5. What is k(0)?
5
Let s(y) = -2*y**3 - 5*y**2 - 3*y + 5. Determine s(-4).
65
Let b(g) = -g**2 + 4*g + 1. What is b(3)?
4
Let k(x) = 3*x**2 - 228*x - 458. What is k(-2)?
10
Let c(n) = n**3 - 7*n**2 + 6. Calculate c(6).
-30
Let o(d) = 2*d - 1. Calculate o(2).
3
Let z(f) = -4*f**2 + 14*f + 25. Give z(5).
-5
Let l(s) = 2*s**2 - 11*s + 1. Give l(5).
-4
Let q(y) = y**2 + 7*y + 2. What is q(-7)?
2
Let x(t) = t + 17. Determine x(-10).
7
Let t(j) = -j**2 - 12*j - 27. What is t(-8)?
5
Let x(t) = 9*t - 4. Give x(-2).
-22
Let c(b) = -b**2 + 8*b + 4. Give c(11).
-29
Let r(o) = o**3 - 29*o**2 + 29*o - 43. Determine r(28).
-15
Let x(t) = -t**3 - 7*t**2 + 12*t + 1. Calculate x(-8).
-31
Let c(u) = -21*u - 33. Give c(-2).
9
Let s(c) = -35*c - 52. Calculate s(-2).
18
Let y(d) = -127*d + 889. Determine y(7).
0
Let i(m) = 4*m**2 - 13*m - 10. Determine i(6).
56
Let l(t) = -t**3 - 10*t**2 + t + 13. Calculate l(-6).
-137
Let p(t) = -89*t - 2. Give p(0).
-2
Let u(m) = 6*m + 24. What is u(-4)?
0
Let d(c) = c**3 + 18*c**2 - 20*c - 30. Give d(-19).
-11
Let c(u) = -u**3 - 5*u**2 + 2*u. Determine c(-4).
-24
Let f(c) = c**3 - 12*c**2 + c - 16. Give f(12).
-4
Let m(c) = -c - 13. What is m(-10)?
-3
Let o(g) = g**2 + 36*g - 6. Calculate o(-36).
-6
Let p(r) = -r**3 - r**2 - r - 10. Determine p(0).
-10
Let c(k) = 2*k**3 - 2*k**2 - 3*k. What is c(-2)?
-18
Let r(b) = -b**2 + 4*b + 6. Give r(8).
-26
Let f(r) = 9*r - 94. Give f(7).
-31
Let h(s) = s**2 + 3*s + 3. What is h(-3)?
3
Let u(h) = 36*h**3 + h**2 - h - 1. What is u(-1)?
-35
Let m(z) = z**3 - 29*z**2 + 3*z - 86. Determine m(29).
1
Let m(t) = t**3 - t**2 - t - 32. Give m(0).
-32
Let b(h) = -h**3 - 14*h**2 + 15*h + 40. Calculate b(-15).
40
Let l(q) = 5*q**3 - 3*q**2 - q - 1. Give l(-2).
-51
Let y(d) = d**2 + 42*d - 4. Calculate y(0).
-4
Let b(w) = -4*w - 13. Give b(-4).
3
Let i(z) = z**2 - 8*z + 10. Determine i(8).
10
Let r(u) = -u**2 - 3*u + 70. Determine r(7).
0
Let x(q) = 2*q**3 - 6*q**2 + 3*q + 8. What is x(3)?
17
Let y(h) = 41*h**2 - h. Give y(-1).
42
Let w(l) = -2*l + 41. What is w(18)?
5
Let r(t) = -t**2 - 16*t - 70. Calculate r(-7).
-7
Let s(f) = -f**3 - 7*f**2 - 10*f - 7. Determine s(-6).
17
Let r(x) = x**3 + 17*x**2 + 65*x + 1. Calculate r(-11).
12
Let f(m) = -m - 6. Determine f(-8).
2
Let b(q) = -q**2 + 21*q + 1. What is b(21)?
1
Let v(i) = -2*i**2 + i + 3. Calculate v(0).
3
Let l(r) = -r**3 - 5*r**2 + r + 6. What is l(-5)?
1
Let z(p) = p**2 + 7*p + 2. Give z(-6).
-4
Let s(w) = -2*w - 9. Give s(-8).
7
Let m(s) = -15*s + 655. Calculate m(43).
10
Let i(d) = -d**3 - 5*d**2 + 8*d + 5. Calculate i(-6).
-7
Let i(o) = 12*o - 26. Give i(4).
22
Let t(x) = -x**3 - 12*x**2 + 12*x - 16. Determine t(-13).
-3
Let j(p) = p**3 + 34*p**2 + 34*p - 100. What is j(-33)?
-133
Let m(u) = -u**2 - 7*u - 5. What is m(-5)?
5
Let u(n) = n - 21. Calculate u(10).
-11
Let y(z) = -z**3 - 4*z**2 - 4*z - 7. What is y(-3)?
-4
Let i(u) = u**3 - 10*u**2 - 13*u + 24. What is i(11)?
2
Let b(o) = -4*o + 17. Determine b(13).
-35
Let m(h) = -11*h + 68. Give m(6).
2
Let l(d) = -d**2 - 4*d + 14. Determine l(-6).
2
Let j(l) = -27*l + 6. Calculate j(2).
-48
Let w(r) = r - 4. Determine w(4).
0
Let g(i) = -i**2 - 17*i - 24. What is g(-16)?
-8
Let t(j) = j**3 + 7*j**2 - j + 3. Calculate t(-7).
10
Let x(s) = 9*s - 17. Give x(3).
10
Let g(w) = -3*w + 2. Determine g(11).
-31
Let f(b) = b + 29. Calculate f(-33).
-4
Let g(t) = -8*t + 5. Determine g(-4).
37
Let a(m) = -m**3 - 4*m**2 - 6*m - 28. Give a(-4).
-4
Let k(o) = -4*o**2 + o - 1. Calculate k(1).
-4
Let t(y) = 12*y + 5. Give t(-3).
-31
Let x(l) = -l + 17. What is x(12)?
5
Let u(w) = -25*w + 152. What is u(9)?
-73
Let k(z) = -z**2 + 5*z + 12. Calculate k(7).
-2
Let a(t) = -2*t**2 + 1. Give a(-1).
-1
Let r(h) = 22*h + 1. What is r(1)?
23
Let y(h) = -22*h**3 - 2*h**2 + 2*h - 1. Give y(1).
-23
Let f(m) = 7*m**2 - 1. What is f(-2)?
27
Let l(p) = p**3 + 7*p**2 + 7*p - 13. Calculate l(-5).
2
Let h(l) = -2*l**2 + 9*l - 35. What is h(7)?
-70
Let s(t) = -t**3 + 7*t**2 + 6*t - 4. Determine s(8).
-20
Let z(o) = -o**2 + o + 2. Give z(6).
-28
Let m(u) = -u**2 - 20*u. Give m(-16).
64
Let o(j) = 29*j**2 - 11*j - 8. Give o(-1).
32
Le